at is the greatest common divisor of n and 2268?
28
Let l be 10/(-55) - 18356/(-286). Calculate the highest common factor of 2240 and l.
64
Let x be (36/10)/(24/880). Suppose 0 = -4*i + 8*i + x. Let d = 47 + i. Calculate the greatest common divisor of 2 and d.
2
Let d be (2/10)/((-5)/(-25)) - -43. Let y(k) = -60*k - 261. Let c be y(-6). Calculate the greatest common factor of d and c.
11
Suppose 2*k - 5*o = -2*o + 285, 5*o = 25. Suppose -5*m - f = -72, -4*f = 3*m - 2*f - 39. Calculate the greatest common divisor of k and m.
15
Suppose 0*k = k - 4. Suppose 4*w - b + 25 - 111 = 0, 4*w - 92 = k*b. Let n be 126/(-27)*w/(-2). Calculate the highest common divisor of 7 and n.
7
Let s be (-216712)/(-1030) + (-2)/5. Calculate the greatest common factor of s and 399.
21
Let a = 17307 + -15478. What is the highest common divisor of a and 93?
31
Suppose -4*c + 39 = -3*c - 1230. Calculate the highest common factor of 54 and c.
27
Let s = 2085 + 1875. Calculate the greatest common factor of s and 9.
9
Let f = -51 - -56. Suppose 0*l + 3123 = 5*l + 3*r, -5*l - f*r + 3125 = 0. What is the highest common factor of 39 and l?
39
Let l = 4316 + -4140. What is the highest common factor of l and 1960?
8
Let w be ((-98)/(-56))/((-4)/112). Let f be 3/(21/w) - -43. What is the greatest common factor of f and 60?
12
Let y(c) = 2*c**3 + 64*c**2 - 29*c - 323. Let u be y(-32). What is the highest common factor of u and 1375?
55
Suppose 0 = 4*a - 5*h - 171093, -12*h = 68*a - 66*a - 85532. Calculate the greatest common divisor of 148 and a.
148
Let d = 179892 + -179859. Suppose 0 = s - 4*g - 1 - 4, -2*g = 2*s. Let f be (2 + 4)*1/s. What is the highest common divisor of d and f?
3
Suppose 2*p + 2*p - 40 = 0. Suppose 2*u = p, -37*r + 41*r = 3*u + 9. Calculate the greatest common factor of 14 and r.
2
Let b be ((-4)/((-16)/28) - 4) + 87. Let n(c) = -c**2 + 12*c - 9. Let a be n(9). What is the highest common divisor of a and b?
18
Let y(v) = -516*v - 1770. Let p be y(-11). Calculate the greatest common factor of p and 14.
14
Let a(k) = 3*k**2 + 50*k + 31. Let w be a(-19). Suppose -4*x = 5*t - 167, -5*x = -x + 4*t - w. What is the greatest common divisor of x and 38?
38
Suppose -133 - 127 = 5*n. Let l = 58 + n. Suppose -57 = -3*r + 15. Calculate the highest common factor of r and l.
6
Suppose 7*d = 10*d - q - 117, 0 = 4*d - 2*q - 158. What is the highest common divisor of 1406 and d?
38
Suppose -1757 = -9*r + 2455. What is the greatest common factor of r and 1053?
117
Suppose 2*b = 42 + 98. Let y(l) = -l**3 - l**2 - l - 2. Let t be y(-4). What is the highest common factor of b and t?
10
Let s be 910*(49/14 - 3). Let o = 488 - s. Calculate the highest common divisor of o and 143.
11
Let k(z) = 74*z**3 + z**2 - 2*z + 1. Let l be k(1). Let i = 96 - l. Let o be (-57)/(-1) - (-3 + 4 + 1). Calculate the greatest common factor of i and o.
11
Suppose 3*w - 43*h - 290 = -42*h, h = -2*w + 190. What is the greatest common factor of 624 and w?
48
Let y(m) = -m**3 + 36*m**2 - 99*m + 34. Let k be y(33). Let s be 54/(7/42 - k/348). Calculate the highest common factor of s and 27.
27
Suppose -2*v = -379 + 23. Calculate the highest common divisor of v and 801.
89
Let g be (-270)/4*32/(-40). Let v be ((-3)/(-6))/(3/g). Suppose -64*r = -72*r + 288. What is the greatest common factor of r and v?
9
Suppose -709*h + 722*h = 2496. Calculate the highest common divisor of h and 888.
24
Suppose 0 = 3*f - 2*f - 90. Let p be ((-22)/(-6) - 5)*81/(-6). What is the greatest common factor of f and p?
18
Let w be 2/(-3)*-384 + (5 - 1). What is the highest common factor of 140 and w?
20
Let x = 49 - 7. Suppose x*o - 5234 = -2042. What is the highest common divisor of 76 and o?
76
Suppose 53*a = 123*a - 1229760. Calculate the greatest common divisor of 288 and a.
288
Suppose 0 = 3*d + 9*d - 3*d. Suppose -14*r + 17*r - 630 = d. Calculate the greatest common factor of 60 and r.
30
Suppose -13*d - d + 224 = 0. Calculate the greatest common factor of 2048 and d.
16
Let t = -5038 - -5182. What is the highest common divisor of t and 684?
36
Suppose 3105228 = 516*h - 312240. Calculate the greatest common factor of h and 37.
37
Let m(h) = h**3 - 7*h**2 - 67*h + 79. Let u be m(13). Calculate the greatest common divisor of u and 114.
6
Let j = 32 + -20. Let x be (-1168)/80 + 15 - ((-21024)/40 + -2). Calculate the highest common divisor of x and j.
12
Suppose 78*y + 30*y - 1061 = 5419. Calculate the highest common divisor of 174 and y.
6
Let q(c) = c**3 + 5*c**2 - 66*c + 26. Let b be q(7). Suppose 19*n = 4*n + 60. What is the highest common factor of b and n?
4
Let y = 3160 - 3075. What is the greatest common factor of y and 2635?
85
Suppose 6*m - m = -h + 2145, m - 415 = -3*h. Let j = -379 + m. Calculate the greatest common factor of 34 and j.
17
Let z = 1197 + -2445. Let b be z/(-10) + (-2)/(-10). What is the highest common factor of b and 150?
25
Suppose -27 + 33 = -2*a, 5*o = -2*a + 984. Calculate the greatest common divisor of o and 36.
18
Let m(w) = w**3 - 10*w**2 - 41*w + 10. Let s be m(14). Suppose 12*n - s = 10*n. What is the greatest common factor of n and 55?
55
Let d = 676 + -481. Let s(y) = -y**2 - 17*y - 15. Let c be s(-12). Calculate the highest common divisor of c and d.
15
Let o(b) = 139*b**3 - 2*b**2 - 110*b + 111. Let u be o(1). Calculate the highest common factor of 11592 and u.
138
Let i = 1598 + -1577. Calculate the highest common factor of i and 1162.
7
Suppose 68*n - 65*n = 15. Suppose -a = -n*m + 204, m + 2*a + 1 = 33. Calculate the greatest common factor of m and 500.
20
Suppose 4*q = 6*n + 5882, -3*q = -3*n - 4920 + 504. Let z be 295/(-10)*(-1 + -1). What is the highest common divisor of q and z?
59
Let a(t) be the first derivative of 15*t**2/2 + 124*t - 93. Let g be a(12). Calculate the greatest common divisor of g and 19.
19
Let k(n) = 9*n + 33. Let x(p) = -3*p - 11. Let c(h) = 2*k(h) + 7*x(h). Suppose 3*g + 16 = -g. Let l be c(g). Calculate the greatest common divisor of 8 and l.
1
Let x(o) = -o**3 + 1. Let j be x(-4). Let h = -9888 + 9914. Calculate the highest common factor of j and h.
13
Let f be ((-16)/(-7))/(1342/(-112) + 12). Let i be (40/(-15))/(4/(-6)). What is the highest common divisor of f and i?
4
Let k be (183200/(-12))/(-4)*5*(-24)/(-20). Calculate the highest common factor of k and 200.
100
Let n be ((-7)/(105/(-12)))/((-2)/720). Let i be ((-2)/(-6))/((-1)/n). Suppose 0*c + 3*c = 72. What is the greatest common factor of i and c?
24
Let r be ((-125)/(-50))/(5/(-2)). Let n be (-26)/(-26)*13*r*-1. Calculate the highest common factor of 1651 and n.
13
Let b = 24 - -8. Suppose -3*f - b*p = -29*p - 9, -f + 5 = -p. Calculate the greatest common factor of f and 16.
4
Suppose 3 = 4*y - 13, 2*n - 284 = y. Calculate the greatest common divisor of n and 3312.
144
Let f be 156/60 + (-2)/(-5). Suppose -55 = -f*l - 40. What is the highest common factor of 65 and l?
5
Let s(k) = -9*k - 5. Let y be s(-5). Let j be 68/(-442) + 960/156. Calculate the highest common divisor of j and y.
2
Let b be (-210)/(-24) + (-1)/(-4). Suppose -144 = 7*l - b*l. Suppose l = -2*g + 6*g. Calculate the greatest common factor of g and 45.
9
Let l(t) = 13*t - 2*t - 2*t**2 + 3 - 5*t. Let c be l(3). Let s = 446 - 410. What is the highest common divisor of s and c?
3
Let n(f) = 58*f**2 - 7*f + 25. Let y be n(4). Suppose -y = -16*z - 21*z. Calculate the greatest common factor of 95 and z.
5
Suppose 5*l = 4*y - 2920, 3*y - 15*l - 1990 - 155 = 0. What is the greatest common factor of 5635 and y?
245
Suppose 0 = -2*m - a + 374, -564 = 158*m - 161*m - 2*a. Calculate the highest common factor of 2346 and m.
46
Suppose 0 = 3*x - 3*m - 324, -2*x = 3*x + 5*m - 510. Suppose -21*y - 55 = 29. Let s be 66/11*(-10)/y. What is the highest common factor of s and x?
15
Let k be 3*(-10)/(-6) - 5 - -7. Suppose -4*y = 2*r - 80, -3*y = -r - k*y + 42. Calculate the greatest common divisor of 2 and r.
2
Let j(s) = -3*s + 1. Let i(g) = 64*g - 72. Let h(t) = -i(t) - 16*j(t). Let d be h(-4). Calculate the highest common divisor of 150 and d.
30
Let t = -11 + 17. Let q(c) = 27*c**3 - c**2 + 2*c. Let w be q(1). Let j = w + 2. What is the highest common divisor of t and j?
6
Suppose -350 = -2*a + 36*z - 38*z, 3*z = -a + 189. What is the greatest